se
Let d be ((-4)/2 + -144)*10/(-4). Let i = d + -108. Is i a composite number?
False
Let z(k) = 10*k - 3. Let a be z(1). Suppose 3*q - a*q = 5*u - 1515, 0 = 2*u - 2*q - 624. Is u a composite number?
False
Let h(t) = -t**3 - 3*t**2 + 2*t - 1. Let y be h(-3). Let g(v) = -3*v**3 - 2*v**2 + 10*v - 10. Is g(y) a composite number?
True
Let l = 58 - -106. Suppose -2*f + 46 = -4*k + 394, f + 3*k + l = 0. Let p = 421 + f. Is p a prime number?
True
Suppose -1081287 = 530*l - 539*l. Is l prime?
False
Suppose y = -11 - 3. Let o = -372 + y. Let z = 741 + o. Is z prime?
False
Let j(s) = 2*s**3 - 27*s**2 - 9*s - 37. Is j(21) a prime number?
True
Let t = -414 + 637. Is t composite?
False
Let n = -18 + 20. Is n/(-5) - 9534/(-10) prime?
True
Suppose -4*l = 4*m + l - 85, 2*l = -2*m + 42. Let h = m - 3. Let c = h + 5. Is c prime?
False
Let c(y) = -2*y**3 - 49*y**2 - 63*y - 125. Is c(-33) a composite number?
True
Let u = 1239 + -807. Suppose -u + 1519 = y. Is y composite?
False
Suppose 2*j = -2*j + 16. Suppose -3*z + j = -5. Is (2 - 5/z)*267 a composite number?
False
Let c(k) = 34*k**2 - 10*k + 7. Let s(m) = 17*m**2 - 5*m + 4. Let y(i) = 3*c(i) - 5*s(i). Is y(8) a prime number?
True
Is (-82)/1*104/(-16) a composite number?
True
Let k(h) = -506*h**3 - 2*h**2 + 39*h + 114. Is k(-3) composite?
True
Let n(u) = 7567*u**2. Let d be n(1). Suppose 5*g - 9459 = -4*k, -3*g + d = g + 3*k. Suppose 4*h = -5*j + g, -8*h = -4*j - 3*h + 1521. Is j prime?
True
Suppose l - 747 = -109. Let r = l + -171. Is r prime?
True
Let j = 2298 - 1406. Suppose 2*i + o = -3*o + 370, 0 = 5*i - o - j. Is i a composite number?
False
Let k = 12336 + -8704. Suppose -s = 3*w - 2718, -4*s = -0*w + 4*w - k. Is w composite?
True
Suppose 17*x - 58840 = -1227. Is x prime?
True
Is (16913/3)/((-90)/(-270)) composite?
True
Let j(q) = q**3 - 9*q**2 - 15*q + 38. Is j(13) a prime number?
False
Let j(p) = p**3 - 8*p**2 + 2*p - 12. Let l be j(8). Suppose 5*d + 1350 = 5*h, -693 = -5*h - l*d + 612. Is h a prime number?
False
Let z = -4838 + 8327. Is z a composite number?
True
Is (48/72)/(2/19461) a prime number?
False
Suppose 4*b - 8 - 8 = 0. Suppose 0 = b*y - 7*y + 633. Is y composite?
False
Is 74/((-128)/(-414) - 2/9) composite?
True
Suppose -4*u + 21*v - 16*v = -60, u = 5*v + 30. Is u a composite number?
True
Let m be 280/21*(-13 - -1). Let r = 411 + m. Is r prime?
True
Let q(k) = 43*k**3 + 2*k**2 + 3*k + 3. Let p(u) = -u + 9. Let a be p(6). Let j be q(a). Is j/4 - 7/(-28) a composite number?
True
Let h be (-1 - -4 - 3) + 2. Suppose -h = -b, 3*b + 1 = 5*z - 13. Suppose -k + 578 = k + z*q, -3*k = -5*q - 900. Is k prime?
False
Is 0 - (9065/(-6) - 4/24) a prime number?
True
Let o = -247 - -436. Suppose 0 = 3*d - 606 + o. Is d a composite number?
False
Suppose 4*o - 550808 = -4*o. Is o composite?
True
Suppose 3*a = -4*b - 41, 4*a - 25 = -a. Let g be 18750/(-35) + 4/b. Let m = -317 - g. Is m prime?
False
Suppose 182 = k + 5*h, -4*k = -3*h - 480 - 133. Is k a composite number?
False
Suppose v + 890 - 2686 = a, -5393 = -3*v + 2*a. Is v composite?
False
Suppose -15 - 39 = 3*m. Is ((-6)/m)/(3/54) a prime number?
False
Let t = 7289 - 1242. Is t prime?
True
Let k(y) = -y**2 - 4*y - 2. Let d be k(-2). Suppose -2*c = d*c + 644. Let o = 484 + c. Is o a prime number?
False
Suppose c - 560 = -c. Let i = 503 - c. Is i composite?
False
Let f(g) be the third derivative of 25*g**4/8 - 2*g**3/3 - 8*g**2. Is f(7) a prime number?
True
Let r = -1015 - -3902. Is r a composite number?
False
Let p = 8702 + -5763. Is p composite?
False
Let w(i) = -i**3 + 10*i**2 - i + 3. Let u be w(5). Suppose -l + 2*h = l - 50, 5*l - 4*h = u. Let n = l - 4. Is n a composite number?
False
Let k(x) = -x**3 + 28*x**2 - 32*x - 13. Is k(18) a composite number?
True
Let r = 65870 + -33421. Is r prime?
False
Let p be (-12)/(-16) + 27/12. Suppose 6 = -p*l - 6, r + l - 1045 = 0. Is r composite?
False
Is (-3)/(-7) + 7 + 55742/14 prime?
True
Let l(c) = 2*c + 5. Let b be l(2). Suppose b*u - 2*u - 7973 = 0. Is u a prime number?
False
Is 1 + 3 + -4 + 1507 composite?
True
Suppose 0 = 4*d, 2*a - d = 2*d + 4486. Is a a composite number?
False
Suppose 0*x - 10 = -2*x. Suppose 913 = x*i - 402. Is i prime?
True
Let k(i) = i**3 + 5*i**2 + 2*i - 3. Let v be k(-4). Let n be (38/(-10) + 3)*v. Is 6 + -7 - 89*n prime?
False
Let w(g) = 60*g**2 + 22*g + 7. Is w(10) prime?
False
Let p = -5 - -7. Suppose -5*b - 5*d = -200, -d - p*d = -5*b + 176. Is b composite?
False
Let f(q) = 5531*q**3 - 2*q + 5. Is f(2) composite?
False
Suppose 5*f - 15 = 5*a + 15, 4*f - a = 12. Suppose -y + 591 = f*y - 3*u, -5*u - 209 = -y. Is y a prime number?
False
Suppose 47293 = 33*d - 28310. Is d a prime number?
False
Let k(n) = -n**3 - 16*n**2 - 26*n + 11. Is k(-30) a composite number?
True
Suppose 3*z + 15 = 0, 5*z + 51 = -y + 17. Let w(j) = -j + 5*j - 8*j - 2*j - 12*j**2 + 5 - 2*j**3. Is w(y) a composite number?
True
Let h = -34 - -60. Suppose 2*w = -h + 132. Is w composite?
False
Let b = 43 + -31. Let j be (-2497)/(-4) + (-3)/b. Suppose 3*a - 4707 = -j. Is a composite?
False
Let z = 601 - 390. Suppose -12*l - z = -13*l. Is l a composite number?
False
Let a(p) = -p**3 - 2*p**2 + 12*p + 3. Let u be (2/6)/(1/18). Let z be u + (-6 - -4) - 12. Is a(z) a prime number?
False
Let i(p) = 5*p**2 - 3*p - 9. Suppose -k - 5 + 10 = 0. Let z be 2/k + 222/(-30). Is i(z) composite?
False
Suppose -4236 = -6*u + 50118. Is u a composite number?
False
Suppose 0 = 4*g - 0 - 8. Let w be 1/2*g*-2. Is w*43/(-6)*3 prime?
True
Suppose 399 = a - y - 379, -794 = -a + 5*y. Suppose -5*h = -911 - a. Is h prime?
True
Let s(m) = m**3 - 5*m**2 + 4*m + 3. Let a be s(4). Suppose -2*v = a*u + 2*u - 1987, 2*u + 5*v - 799 = 0. Is u a composite number?
False
Let b(g) = 2*g**3 - 4*g**2 + 7*g - 5. Let z be b(5). Let o = 489 + z. Is o prime?
False
Let w(a) = -2*a**3 - 5*a**2 - 3*a + 29. Is w(-9) a prime number?
True
Is 3162 - (4/(-8))/(2/4) prime?
True
Suppose a + 20 = 5*f - 0*a, -2*a = 0. Suppose -4*w + 3935 - 852 = 5*c, -3*c - 3059 = -f*w. Is w prime?
False
Let t = 89 + -372. Let f = 648 + t. Is f composite?
True
Suppose -9*y + 4*y + 25 = 0. Suppose y*h - 1719 = -4*h. Is h composite?
False
Let c(w) = -w**3 - 7*w**2 + 9*w + 8. Let k be c(-8). Suppose k = -4*b + 6*b - 1754. Is b a prime number?
True
Suppose -3*x + 25 = 10. Let w(s) = 142*s + 4. Let z be w(9). Suppose 3*k + 3*u - z = -2*u, 4*k + x*u - 1701 = 0. Is k a composite number?
False
Let c be 1/(-3) + (-35)/(-15). Suppose -39 = c*q + 3*y, 2*y = -y - 15. Is (1641/q)/((-4)/16) a composite number?
False
Let v(q) = -100*q**2 + 4*q - 7. Let y be v(3). Is 5/(15/(-6)) - y prime?
False
Let t(o) = -3*o - 13. Let g be t(-5). Suppose 0 = g*v - 5*l - 74, -3*l + 37 = v - 0*v. Is v composite?
False
Let a(g) = -36*g + 21. Let f(t) = -18*t + 11. Let k(u) = -2*a(u) + 5*f(u). Is k(-21) a prime number?
False
Is (-9 - -8)/(5/(-13895)) a composite number?
True
Let m = -1379 - -2076. Is m a prime number?
False
Suppose 0 = -g + 13*w - 16*w + 21074, 21079 = g + 4*w. Is g a prime number?
True
Suppose 8*a = 4*a. Suppose -2*n + 2 = u - 0*n, 5*n = a. Suppose 378 = 4*f - u*f - k, -2*f = 5*k - 402. Is f composite?
False
Suppose f - 12409 = -2*f - 5*m, 2*f = -5*m + 8276. Is f composite?
False
Let a = -33819 + 50830. Is a composite?
False
Suppose -20*v + 23*v + 4*l - 50941 = 0, -4*v + 67917 = l. Is v a prime number?
True
Suppose 2*z - 35 = -3*z. Let p(f) = 307 - 145 - 146 + 11*f. Is p(z) prime?
False
Let k = -38 + 22. Let q(t) = -44*t + 15. Is q(k) a composite number?
False
Let l(g) = -290*g - 19. Is l(-1) composite?
False
Let l be (-34)/(-8) - 3/12. Suppose -g = -l*g + 531. Is g composite?
True
Suppose -2*k = 4*r + 26360 - 143432, 5*r - 3*k = 146351. Is r composite?
False
Suppose -4912 = 23*d - 80789. Is d a prime number?
True
Let j(b) = 39*b**3 + 7*b**2 - 7*b - 8. Is j(3) prime?
True
Let g = -125 + 129. Suppose -2*o - 1243 = -2*n - 3*o, g*o - 2480 = -4*n. Is n composite?
True
Let k(g) = -222*g**3 + 2*g**2 + 2*g + 1. Suppose -p - 4 = 2*a - 3*p, 5*p - 16 = -a. Let j be (-5 - (-6)/2) + a. Is k(j) a composite number?
False
Let y(z) be the third derivative of z**5/10 - z**4/6 + 4*z**2. Let m be y(3). Let g = m + -23. Is g prime?
True
Let l(v) = 207*v**2 - 23*v + 385. Is l(12) composite?
False
Suppose 3*p - 5*s = 279 + 41